38774*m + 6142823. What is x(14)?
-13
Let n(s) = -s**2 - 3501*s + 7023. What is n(2)?
17
Let q(f) = -285*f**2 - 2355*f - 619. Determine q(-8).
-19
Let f(c) = c**2 + 19*c - 3768. Determine f(53).
48
Let m(q) = -2771*q - 2042228. What is m(-737)?
-1
Let k(z) = -z**3 - 19*z**2 - 4812*z - 52814. Give k(-11).
-850
Let n(w) = 16*w**2 + 12*w - 42. Calculate n(0).
-42
Let w(x) = -3*x**3 + 140*x**2 + 24500*x - 1149290. Calculate w(47).
1
Let f(z) = 3238*z + 9723. Determine f(-3).
9
Let a(b) = 59853*b + 48899896. Determine a(-817).
-5
Let n(s) = 75*s**3 - 1873*s**2 - 13*s + 47. Determine n(25).
972
Let d(k) = -k**2 - 1536*k + 10749. Calculate d(7).
-52
Let x(v) = 148910*v - 744581. Give x(5).
-31
Let f(k) = -659*k**2 - 1906*k - 13. Calculate f(-3).
-226
Let v(f) = 4*f**2 - 777*f + 9888. Give v(174).
-4206
Let j(d) = -48419*d + 4309303. Calculate j(89).
12
Let t(r) = -2439*r**2 + 12191*r + 24. Give t(5).
4
Let z(v) = 4*v**2 + 109*v - 779. Give z(6).
19
Let p(n) = 3*n**3 + 28*n**2 + 8*n + 49. Give p(-12).
-1199
Let z(n) = 123*n + 2394. Determine z(-18).
180
Let o(u) = 13673*u - 13367. What is o(1)?
306
Let t(m) = -m**3 - 7*m**2 - 146*m + 1946. What is t(8)?
-182
Let t(s) = 3999*s + 44308. Give t(-11).
319
Let z(q) = q**2 + 210*q + 1774. Determine z(-14).
-970
Let s(d) = -55*d**2 - 159*d - 313. Determine s(-2).
-215
Let z(q) = 17*q**3 - 19*q**2 - 360*q - 44. Give z(-4).
4
Let n(w) = w**2 - 3360*w - 356693. What is n(-103)?
-4
Let j(u) = 4*u**2 - 995*u + 61510. Give j(134).
4
Let m(b) = -2*b**3 + 73*b**2 - 621*b - 653. Determine m(23).
-653
Let p(q) = -q**3 + 1999*q**2 - 413001*q - 15901. What is p(1765)?
-16
Let a(u) = 906*u - 135946. Calculate a(150).
-46
Let t(y) = -y**2 + 90*y + 12610. What is t(166)?
-6
Let h(l) = 314*l**2 - 3133*l + 43. Give h(10).
113
Let g(y) = y**3 + 276*y**2 - 548*y + 2189. Calculate g(-278).
-35
Let f(z) = -z**3 - 182*z**2 - 689*z - 27240. Determine f(-179).
-32
Let w(u) = 5*u**2 + 352707*u + 1058081. Calculate w(-3).
5
Let s(n) = n**3 + 198*n**2 + 9818*n + 334. Determine s(-97).
-1703
Let o(r) = -2524*r + 17815. What is o(7)?
147
Let c(h) = -5*h**3 + 128*h**2 - 706*h + 21. What is c(8)?
5
Let n(o) = -7*o**2 - 4232*o - 29560. Calculate n(-7).
-279
Let r(z) = 4*z**3 + 187*z**2 - 436*z + 187. What is r(-49)?
-58
Let o(h) = 528251*h + 7923760. What is o(-15)?
-5
Let v(x) = -11009*x - 198081. Determine v(-18).
81
Let m(l) = 29592*l - 177598. Calculate m(6).
-46
Let q(k) = -1408*k**2 - 76032*k. Calculate q(-54).
0
Let d(f) = -2*f**2 - 60*f + 598. Calculate d(14).
-634
Let o(t) = -t**3 + 46*t**2 + 1374*t - 64627. Determine o(43).
2
Let g(f) = f**3 + 282*f**2 + 279*f - 505. Calculate g(-281).
57
Let o(p) = -p**2 + 226*p - 12201. Calculate o(89).
-8
Let q(o) = -96*o + 10518. What is q(115)?
-522
Let s(d) = 5*d**2 + 1002*d + 12079. What is s(-187)?
-450
Let z(g) = 5*g**3 + 35*g**2 + 123*g + 837. What is z(-7)?
-24
Let d(t) = 65*t**2 - 1239*t - 4334. Determine d(-3).
-32
Let f(j) = -35209*j - 5492591. Give f(-156).
13
Let n(a) = 1923*a - 886499. Give n(461).
4
Let z(i) = -19*i**3 - 8*i**2 + 255*i - 955. Calculate z(4).
-1279
Let i(h) = h**3 - 31*h**2 + 59*h + 65. What is i(27)?
-1258
Let c(a) = a**3 + 58*a**2 + 629*a + 1948. What is c(-45)?
-32
Let q(b) = -788*b + 18008. Calculate q(24).
-904
Let r(j) = -9*j**2 - 262*j + 3117. What is r(9)?
30
Let p(m) = 16*m**2 - 360*m + 494. Give p(21).
-10
Let t(f) = -f**3 - 841*f**2 - 37327*f - 7145. What is t(-794)?
1
Let u(j) = -1605*j - 6061. What is u(-4)?
359
Let q(t) = -3*t**2 + 162*t - 884. Give q(30).
1276
Let v(z) = -150*z**2 + 2762*z + 1472. Give v(19).
-200
Let z(f) = 439*f - 9716. Determine z(22).
-58
Let u(b) = 2381*b - 78335. Calculate u(33).
238
Let b(w) = -5*w**3 - 176*w**2 - 551*w - 25026. What is b(-36)?
-6
Let n(u) = 432*u - 54197. What is n(128)?
1099
Let c(z) = -231*z - 23528. Determine c(-101).
-197
Let f(n) = -44*n - 477. Calculate f(-9).
-81
Let g(c) = -c**3 - 27*c**2 + 89*c + 681. What is g(-29)?
-218
Let a(i) = -i**3 + 11*i**2 + 426*i - 4983. What is a(12)?
-15
Let s(h) = -12121*h + 2933301. Give s(242).
19
Let x(f) = -2*f**3 + 36*f**2 + 1035*f - 9485. What is x(8)?
75
Let f(z) = 2*z**3 - 205*z**2 - 918*z + 18770. Calculate f(106).
114
Let c(q) = -q**2 + 56*q + 3373. Calculate c(85).
908
Let r(n) = 60*n**3 + 666*n**2 + 218*n + 1672. Calculate r(-11).
0
Let q(z) = -z**3 + 21*z**2 + 186*z - 114. Calculate q(28).
-394
Let n(h) = -214*h + 4011. Calculate n(17).
373
Let p(k) = -14013*k - 210337. Calculate p(-15).
-142
Let z(i) = -680*i + 1556. Give z(2).
196
Let k(g) = 25*g**3 + 3514*g**2 + 1944*g - 2249. Give k(-140).
-9
Let u(b) = 2*b**3 - 599*b**2 - 862*b - 12409. Give u(301).
-68
Let k(b) = -1922*b + 1385772. Calculate k(721).
10
Let u(o) = 67*o + 1172. What is u(-18)?
-34
Let k(i) = -313*i**2 + 34872*i - 14339. What is k(111)?
-20
Let y(d) = 5*d**3 - 33*d**2 - 327*d + 2193. Determine y(7).
2
Let i(j) = 154*j - 4064. Calculate i(25).
-214
Let q(u) = 8928*u - 71450. Determine q(8).
-26
Let h(l) = l**3 + 20*l**2 + 98*l + 1204. What is h(-19)?
-297
Let j(c) = 2587*c - 36228. Give j(14).
-10
Let l(y) = -y**3 + 75*y**2 - 920*y - 60. Determine l(17).
1062
Let j(s) = 1421*s**2 - 150*s - 4. Determine j(-1).
1567
Let u(z) = 13565*z - 135274. Determine u(10).
376
Let u(n) = 7836*n - 595521. Determine u(76).
15
Let h(r) = -2*r**3 - 76*r**2 + 230*r + 7431. Give h(-39).
1503
Let c(o) = -o**3 + 24*o**2 + 341*o - 255. Give c(-12).
837
Let r(b) = -2*b**3 - 40*b**2 + 74*b - 183. Determine r(-23).
1289
Let v(i) = 179*i - 496. What is v(6)?
578
Let u(q) = q**2 - 146*q - 394089. Give u(705).
6
Let x(s) = -2*s**3 - 120*s**2 + 467*s + 5592. What is x(-63)?
-15
Let o(g) = -12417*g + 7263960. Determine o(585).
15
Let l(a) = -49*a**2 + 1488*a + 22314. Calculate l(-11).
17
Let f(a) = -9801*a - 372360. Calculate f(-38).
78
Let x(p) = 955*p**2 + 15799*p + 15800. Determine x(-1).
956
Let r(x) = 153721*x + 1844643. Give r(-12).
-9
Let o(t) = 53*t**2 + 58*t + 6. Determine o(-2).
102
Let h(x) = -10667*x + 63954. Calculate h(6).
-48
Let v(p) = 9*p**3 - 175*p**2 - 1409*p - 37. Determine v(-6).
173
Let a(h) = h**3 + 47*h**2 + 13*h + 237. Determine a(-47).
-374
Let y(m) = 54221*m + 487978. Give y(-9).
-11
Let l(s) = 213*s - 23697. What is l(115)?
798
Let d(j) = 2*j**3 - 474*j**2 - 59*j + 13964. What is d(237)?
-19
Let t(u) = 14*u**2 - 1533*u + 41819. Give t(58).
1
Let x(a) = -a**3 + 432*a**2 - 6663*a + 31. What is x(16)?
-81
Let j(v) = 487339*v - 2924034. What is j(6)?
0
Let p(z) = 9*z**2 + 153*z - 1382. Give p(8).
418
Let n(r) = 30192*r + 634045. What is n(-21)?
13
Let n(f) = -2601*f + 574821. What is n(221)?
0
Let j(s) = -s**2 - 3491*s + 70192. Give j(20).
-28
Let p(l) = -45*l**3 + 1185*l**2 + 813*l + 23. Calculate p(27).
104
Let v(m) = -m**2 - 742016*m - 6678065. Determine v(-9).
-2
Let q(a) = 21955*a**2 + 219569*a + 192. What is q(-10)?
2
Let t(d) = -85*d**2 + 3637*d - 23168. Determine t(35).
2
Let w(n) = -1066*n - 24234. Give w(-19).
-3980
Let i(l) = -l**2 - 7537*l + 701937. What is i(92)?
69
Let i(d) = -187*d**2 + 1528*d + 18. What is i(8)?
274
Let b(c) = 19990*c + 459826. What is b(-23)?
56
Let z(g) = -84*g + 2882. What is z(29)?
446
Let n(r) = r**3 - 17*r**2 + 91*r - 42. What is n(9)?
129
Let d(r) = r**3 + 5*r**2 + 16*r + 32. Give d(-6).
-100
Let o(a) = 348*a - 17489. What is o(50)?
-89
Let l(v) = -25509*v - 3851929. Determine l(-151).
-70
Let l(r) = 4*r**3 - 223*r**2 + 381*r - 156. Calculate l(54).
6
Let w(y) = -5*y**2 + 286*y - 2259. Calculate w(48).
-51
Let q(p) = 9*p**2 - 30*p + 57. Determine q(4).
81
Let j(d) = -3515*d - 7290. Give j(-2).
-260
Let x(m) = -2*m**3 + 144*m**2 - 8*m + 609. What is x(72)?
33
Let k(h) = -2*h**3 - 129*h**2 + 170*h - 1838. Calculate k(-66).
10
Let n(w) = 4*w**3 + 147*w**2 + 1084*w + 6. Calculate n(-11).
545
Let y(c) = 1923*c - 19163. Give y(10).
67
Let p(m) = 5*m**3 - 29*m**2 + 25*m - 44. Give p(5).
-19
Let b(d) = 4549*d + 136485. Give b(-30).
15
Let h(v) = 79*v - 1234. Determine h(18).
188
Let o(v) = 4*v**2 + 235*v - 488. Determine o(-38).
-3642
Let d(f) = -f**3 - 25*f**2 - 78*f + 36. What is d(-4)?
12
Let v(h) = -132711*h + 1326917. Determine v(10).
-193
Let r(d) = 15787*d - 63507. Give r(4).
-359
Let m(j) = -2*j**3 - 39*j**2 - 160*j - 181. What is m(-3)?
2
Let g(m) =